5?
28
Calculate 9 + 27 + -20 - 5.
11
Evaluate -24 + 27 - (-2 + 0 + 0).
5
(16 - 1) + (-9 - 4 - (1 + -11))
12
Calculate -11 + -23 + 6 + 33.
5
What is the value of 1 + 4 + -2 + 8 - (-233 - -228)?
16
Calculate (0 - (-11 - (10 - 17))) + (-1 - -2).
5
Calculate -4 - 38 - 5 - -13.
-34
3 - (-2 + (2 - -13)) - -18
8
Calculate 5 - 8 - 13 - (-51 + 10).
25
What is the value of 34 + -59 + -7 + 26?
-6
What is (7 - -3) + -4 + -14 - (-6 + 0)?
-2
What is the value of 20 + -25 - -25 - (9 - 0)?
11
What is the value of 23 - (16 + 41 + -11)?
-23
(-5 + 15 - 7) + 5
8
Evaluate 28 + (3 + 28 - 33).
26
Evaluate 7 + 0 + 0 + (750 - 744).
13
What is 5 - (44 - (15 - 6 - (11 + -6)))?
-35
What is the value of 15 + -1 + (35 - 44)?
5
-6 - (5 + -9 + 11 + 1)
-14
Evaluate (-2 - -1) + 27 - (180 + -177).
23
What is the value of 3 - (44 - (22 + 12))?
-7
What is 9 - ((11 - 19) + 8)?
9
Evaluate (-12 - 0) + (-125 - -138).
1
Calculate (1 - 1) + 0 + 673 + -674.
-1
Evaluate 3 - ((-5 - 0) + (-3 - (6 - 11))).
6
What is -10 - -7 - (-11 - -1)?
7
Calculate -19 + (17 - 9 - 3).
-14
6 + (10 - (14 - 10))
12
What is -18 + 2 - (-4 + (10 - 13 - -2))?
-11
15 + -20 + 20 + -10
5
Evaluate (-14 - -14 - ((-2 - -5) + 9)) + 42.
30
Evaluate 25 - (-23 + (21 - -3)).
24
What is the value of 6 - (1 - (-4 + (5 - 6) + 6))?
6
What is 3 + 24 + (-31 - 23)?
-27
3 - (-14 - -10 - -8)
-1
What is 21 + -11 + -7 + -7 + -1?
-5
17 + -12 + -8 - (1 + 2)
-6
Evaluate 8 + -5 + -13 + 2 + 1 + 20.
13
Calculate -15 - ((-9 - -8) + 1 + -9).
-6
What is -241 + 214 - (2 - 14)?
-15
0 + -4 + (20 - 4) + -6
6
What is the value of -11 - ((-35 - -25) + 25)?
-26
Calculate -6 - (-43 - -16 - -8).
13
Calculate -2 + -10 + (-8 - -22 - -4).
6
What is 9 - -1 - (4 - 15 - -48)?
-27
What is the value of 10 - (-20 + (46 - 22))?
6
9 + (4 - 1 - (-51 + 60))
3
Calculate -6 + 3 + -1 - (0 - -4 - 12).
4
What is -9 + 2 - (7 - -6 - 2)?
-18
Calculate -7 + (-3 - (-6 - -6 - (-3 + 2))).
-11
-23 + 20 + (-10 - 2)
-15
What is the value of 41 + -20 - (10 - 2) - (-3 - -5)?
11
Calculate (-7 + 5 + -5 - -8) + (3 - 11).
-7
Evaluate 19 - 20 - (-5 + 1 + 3) - -9.
9
(17 - (-8 - -13)) + (7 - 6)
13
Calculate (-7 - -7) + (1 - (4 - -2 - 2)).
-3
What is -10 + (-11 - 5) + (-13 - (-31 + 11))?
-19
What is the value of 7 + ((3 - 27) + 6 - -11) - 8?
-8
Evaluate (-33 + 20 - -14) + 5 + -29.
-23
What is the value of 8 + (32 - 19) - 26?
-5
-13 + 15 + 3 + 19 - (0 - -8)
16
What is the value of 9 - (-3 + 3) - (165 - 169)?
13
What is 8 + 1 + (-11 - 11) + 3 + 1?
-9
Calculate 0 - (5 - (9 - (-1 + (18 - 5)))).
-8
Calculate (1 - (14 - 8 - 3)) + 9.
7
What is 4 - 6 - ((-5 - (-6 + 1)) + 8)?
-10
95 + -80 - (9 + 3)
3
What is the value of -6 - ((24 + -10 - (4 - -2)) + 0)?
-14
Calculate 8 + 12 + -12 - (-1 + 25).
-16
Calculate 14 + -5 + -22 + 20.
7
Calculate 31 - (24 - (29 + -15)) - -5.
26
Evaluate -11 - (11 - 19) - (-5 + 2).
0
-32 - (19 - 8 - (32 - 9))
-20
Evaluate 10 - (6 - 1 - -4 - (-47 - -39)).
-7
What is -6 - (4 + (0 - -8 - (-20 + 25)))?
-13
10 + -10 + 2 + 4 + 2 + 3
11
Calculate 4 + (20 - (51 - 20)).
-7
What is the value of 6 + (16 - 34) - -7?
-5
55 - 59 - (-3 - 1) - 7 - -11
4
What is the value of 12 + (1 - -3 - 28)?
-12
Evaluate -13 + (-31 - -22) + 15.
-7
What is the value of -4 + (2 - (4 - 8)) + 8?
10
What is -10 + 2 + 23 + -3?
12
7 + (-15 - (10 + -5))
-13
What is the value of -6 - ((8 - (0 - -5)) + 4)?
-13
(-1 - 1 - -23) + -16
5
Evaluate -1 - (-3 - (1 - 3 - 2)) - -6.
4
Evaluate 1 - (5 - 2 - (16 - 8)) - -8.
14
Calculate (-4 - 1) + (3 - (7 + (3 - 6))).
-6
What is 3 + (-7 - -16 - 22)?
-10
Calculate (1 - -19) + (321 - 335).
6
Evaluate 2 + -25 + (977 - 938).
16
Calculate (-8 - (0 + -2)) + -10 + 4 + 10.
-2
What is the value of (8 - (13 + 2)) + -3 + -1?
-11
(-12 - (-9 - (16 + -14))) + 0 + 8
7
What is 5 - (-8 + 0 - 5 - -38)?
-20
What is -52 + (11 - -19) + 21?
-1
Evaluate (-14 + 0 + -2 - (-153 + 145)) + -4.
-12
2 - -2 - (-9 - (-2 + (-9 - -3)))
5
What is (8 - (11 - (-7 + 17))) + -12?
-5
Evaluate 17 + -26 - ((6 - -7) + -8).
-14
What is (-9 - (6 - -10)) + 15?
-10
Evaluate -6 + -2 - 3 - (-2 + 4 + -4).
-9
What is the value of -11 + 51 + (14 - 12) + -9?
33
What is the value of (29 - 4) + -18 - (1 + 15 - 1)?
-8
Evaluate -3 + (35 - (-2 - (-7 - -16) - -22)).
21
Evaluate -3 - ((-8 - (2 + -7)) + -1).
1
What is the value of 27 - (-8 + (-2 - -9) + 3 + 5)?
20
What is -14 - ((0 - 11) + 32 + -29)?
-6
Evaluate -5 + -16 + 23 + -17 + -5.
-20
8 + -1 - (-27 - (17 - 41 - -14))
24
What is 8 + (4 - 1 - (-22 + 29))?
4
11 - ((-49 - -15) + 8 + 12 + 0)
25
Calculate 2 + (6 - (-4 - -2)) - (-1296 - -1310).
-4
Calculate -8 + 8 + (7 - 12) + -16 + 2.
-19
What is the value of 10 + (-12 - (7 + -6)) + (-10 - 0)?
-13
-5 + -6 + 1 + (17 - (2 + 8))
-3
What is 5 - 20 - (7 - 39)?
17
Calculate -22 + 44 + -3 + (-3 - -9 - 11).
14
Evaluate 34 - (16 - 0 - ((-3 - 3) + 14)).
26
What is -442 + 420 + (-1 + 1 - (-10 + 3))?
-15
What is (-4 - (4 + -3 + 2)) + 6?
-1
Calculate 19 + (-7 - (27 + -1)).
-14
27 - (6 + -23 + 7 + 10 - -8)
19
What is the value of 6 - (9 + 32 + -10)?
-25
-3 - (3 + 21 + -10 + -8)
-9
Evaluate 13 - 4 - (-8 - (3 + (-7 - 1))).
12
Calculate 3 + 5 + -14 + 0 + -2.
-8
What is 22 + 7 + (0 - 25)?
4
Evaluate 35 + 19 + -126 - -46.
-26
Evaluate 15 + (-2 + -8 - -2 - -8).
15
Calculate -5 + 5 + (-5 + 3 - -2) + -31.
-31
Calculate -8 - (1 - (-5 - -9)) - 0.
-5
Calculate 1 - 8 - ((2 - -12) + -22) - -10.
11
(1 + 2 - (-1 + 0)) + 5 + -11
-2
What is -25 + -2 - -20 - (0 - (-2 - 5))?
-14
What is 1 + -47 + 44 - (-32 + 0)?
30
What is (-14 - (-13 + -3)) + 10?
12
Calculate 14 - (-10 + 4 + 18) - 22.
-20
What is the value of 31 - (31 + -34) - 60?
-26
-17 - (-62 - (-18 - 20 - -18))
25
Evaluate 4 + 2 + 8 + -11 + 10 + -42.
-29
Evaluate (-6 - 5 - -2) + (0 - 6) + 5.
-10
Evaluate -36 + (-18 - (7 - 39)).
-22
-42 - (0 + -4 + (75 - 89))
-24
Evaluate -36 - (0 - (5 + 12 + -6)).
-25
What is -8 + 7 + (-6 - 2) - -9?
0
What is the value of 0 + -2 - (-12 - (-14 - 3))?
-7
(621 - 628) + (-2 - -1) + 8
0
What is (0 + -19 - -14) + 18?
13
Evaluate (-9 - -2) + (32 - (0 - -24)).
1
What is the value of 3 - 12 - (7 - -4 - 13)?
-7
What is 12 + (-26 + 8 - -8 - -12)?
14
What is -17 + -15 + 0 + 14 + -2?
-20
(-21 - -17) + 25 + -8
13
Calculate 9 + -10 + 10 + (14 + -11 - -15).
27
What is the value of 1 + -7 - (11 - (45 - 30))?
-2
Evaluate -1 + -9 + (132 - 131).
-9
-86 - -92 - ((21 - 2 - -1) + 0)
-14
35 - (-6 - -1 - -15) - (6 - 0)
19
Calculate 1 + 0 + -2 + 0 + (1 - 6).
-6
16 - (-21 + 6 + 75 + -15)
-29
What is the value of (10 - 3) + 2 + -3 - -3?
9
Calculate (17 - 13 - -7) + -4.
7
-6 + -2 + (2 - 1) - -6 - 6
-7
Evaluate -13 + 4 + (7 - 9) + 2 + -3.
-12
What is the value of (-3 - -3) + -5 - -1 - (-2 + 1)?
-3
Calculate -1 + -2 + (-2 - -2) + (11 - 10).
-2
What is -1 - 2 - ((58 - 34) + -26)?
-1
Evaluate (1 + 9 - (48 - 42)) + -16 - -5.
-7
(-15 - -1) + -1 - (-169 + 166)
-12
What is 38 + -31 + 28 - 23?
12
What is the value of (-8 - -5) + (2 - ((2 - 5) + 13))?
-11
Calculate 12 - (14 + -17) - (12 - 2).
5
What is the value of 1 + -4 + 10 + (-6 - -17 - 0)?
18
What is -25 + 9 - -43 - (-1 - -12)?
16
What is the value of -11 - (-10 + (19 - 0) - 12)?
-8
Calculate -5 + 16 + -6 - -6.
11
What is the value of -3 - (19 - (-8 - -22)) - (4 + -1)?
-11
0 - (11 - (18 + -12))
-5
Calculate -6 + (-15 - -8) + 14 + 0.
1
Evaluate 8 + 13 + -17 + 1 + -1 + -1.
3
What is the value of -23 - -2 - (-19 + 3)?
-5
What is the value of 0 + (-15 - -7) + 9 - (5 - -8)?
-12
Evaluate (-13 - -11) + 9 - (15 - 8).
0
Evaluate 38 - (14 + -12 - (-7 - 3)).
26
Calculate 32 - (10 - -35) - 18.
-31
What is the value of (-17 - (2 - 2)) + (-7 - -1) + 13?
-10
-5 - (13 - (-30 + 26))
-22
(1 - 1) + -7 - (157 + 15 + -169)
-10
Calculate (-31 - (-35 - -12)) + (35 - (-3 + 2)).
28
What is -6 - (4 + -18 + 14 + 14)?
-20
Calculate -17 - (-16 + 13 + 1) - -5.
-10
15 + -86 + 57 + (-4 - -1)
-17
What is 3 + 26 + -16 + -1?
12
Calculate 2 - (1 + 1 + 11 + -7 + 1).
-5
3 + -5 + (5 - (-3 - (2 - 5)))
3
What is -78 - -84 - (-2 - -22) - -2?
-12
Calculate -4 + (5 - -3) + (-2 - -5 - 7).
0
-36 + 49 - (25 - -12)
-24
What is the value of (4 - 0) + 1 + -19 + 15?
1
What is (-37 - -9) + (25 - -5)?
2
What is the value of 15 - (0 + -3 + 1 - (-24 + 20))?
13
Calculate 0 + -1 + (13 - 14 - -4).
2
Evaluate (-21 - (-4 - 4)) + -2.
-15
(0 - -18) + (-960 - -937)
-5
Evaluate 7 + -22 + 5 + (72 - 76).
-14
What is the va